{"id":1023,"date":"2017-08-07T17:17:11","date_gmt":"2017-08-07T15:17:11","guid":{"rendered":"http:\/\/vouzan.fr\/?page_id=1023"},"modified":"2022-01-03T11:29:09","modified_gmt":"2022-01-03T10:29:09","slug":"ballades-a-vouzan","status":"publish","type":"page","link":"https:\/\/vouzan.fr\/index.php\/ballades-a-vouzan\/","title":{"rendered":"Ballades \u00e0 Vouzan"},"content":{"rendered":"<span itemprop=\"description\"><p style=\"text-align: left;\">Pour visualiser les possibilit\u00e9s de randonn\u00e9es p\u00e9destres et VTT, vous pouvez consulter le site des <a href=\"http:\/\/www.randonneurs-vallee-echelle.fr\/\" target=\"_blank\" rel=\"noopener\">Randonneurs de la Vall\u00e9e de l\u2019\u00c9chelle<\/a> (RVE)<\/p>\n<p style=\"text-align: left;\"><img loading=\"lazy\" decoding=\"async\" class=\"size-medium wp-image-1032 alignnone\" src=\"http:\/\/vouzan.fr\/wp-content\/uploads\/2017\/08\/Ballades-a-Vouzan-1-300x300.png\" alt=\"\" width=\"300\" height=\"300\" srcset=\"https:\/\/vouzan.fr\/wp-content\/uploads\/2017\/08\/Ballades-a-Vouzan-1-300x300.png 300w, https:\/\/vouzan.fr\/wp-content\/uploads\/2017\/08\/Ballades-a-Vouzan-1-150x150.png 150w, https:\/\/vouzan.fr\/wp-content\/uploads\/2017\/08\/Ballades-a-Vouzan-1-768x765.png 768w, https:\/\/vouzan.fr\/wp-content\/uploads\/2017\/08\/Ballades-a-Vouzan-1-1024x1020.png 1024w, https:\/\/vouzan.fr\/wp-content\/uploads\/2017\/08\/Ballades-a-Vouzan-1-600x598.png 600w, https:\/\/vouzan.fr\/wp-content\/uploads\/2017\/08\/Ballades-a-Vouzan-1-100x100.png 100w, https:\/\/vouzan.fr\/wp-content\/uploads\/2017\/08\/Ballades-a-Vouzan-1.png 1446w\" sizes=\"auto, (max-width: 300px) 100vw, 300px\" \/><\/p>\n<p style=\"text-align: left;\">\n<span>","protected":false},"excerpt":{"rendered":"<p class=\"excerpt\"><span itemprop=\"description\">Pour visualiser les possibilit\u00e9s de randonn\u00e9es p\u00e9destres et VTT, vous pouvez consulter le site des Randonneurs de la Vall\u00e9e de l\u2019\u00c9chelle (RVE)<\/span><\/p>\n<p class=\"more-link-p btn-align-center\"><a class=\"turq zoom-btn\" href=\"https:\/\/vouzan.fr\/index.php\/ballades-a-vouzan\/\">Lire la suite&#8230;<\/a><\/p>\n","protected":false},"author":1,"featured_media":0,"parent":0,"menu_order":0,"comment_status":"closed","ping_status":"closed","template":"","meta":{"_crdt_document":"","footnotes":""},"class_list":["post-1023","page","type-page","status-publish","hentry","zoom-theme-has-thumb"],"_links":{"self":[{"href":"https:\/\/vouzan.fr\/index.php\/wp-json\/wp\/v2\/pages\/1023","targetHints":{"allow":["GET"]}}],"collection":[{"href":"https:\/\/vouzan.fr\/index.php\/wp-json\/wp\/v2\/pages"}],"about":[{"href":"https:\/\/vouzan.fr\/index.php\/wp-json\/wp\/v2\/types\/page"}],"author":[{"embeddable":true,"href":"https:\/\/vouzan.fr\/index.php\/wp-json\/wp\/v2\/users\/1"}],"replies":[{"embeddable":true,"href":"https:\/\/vouzan.fr\/index.php\/wp-json\/wp\/v2\/comments?post=1023"}],"version-history":[{"count":13,"href":"https:\/\/vouzan.fr\/index.php\/wp-json\/wp\/v2\/pages\/1023\/revisions"}],"predecessor-version":[{"id":3987,"href":"https:\/\/vouzan.fr\/index.php\/wp-json\/wp\/v2\/pages\/1023\/revisions\/3987"}],"wp:attachment":[{"href":"https:\/\/vouzan.fr\/index.php\/wp-json\/wp\/v2\/media?parent=1023"}],"curies":[{"name":"wp","href":"https:\/\/api.w.org\/{rel}","templated":true}]}}