{"id":248,"date":"2017-06-01T12:40:03","date_gmt":"2017-06-01T10:40:03","guid":{"rendered":"http:\/\/vouzan.fr\/?page_id=248"},"modified":"2023-06-20T14:13:18","modified_gmt":"2023-06-20T12:13:18","slug":"patrimoine","status":"publish","type":"page","link":"https:\/\/vouzan.fr\/index.php\/patrimoine\/","title":{"rendered":"Patrimoine communal"},"content":{"rendered":"<span itemprop=\"description\"><p>Les \u00e9l\u00e9ments principaux du patrimoine de la commune sont :<\/p>\n<ul>\n<li>Le ch\u00e2teau<\/li>\n<li>La fontaine du Vieux-Bourg et son lavoir<\/li>\n<li>Le lavoir du Centre-bourg<\/li>\n<li>Le monument aux morts<\/li>\n<li>La fontaine<\/li>\n<li>L&rsquo;\u00e9glise<\/li>\n<li>La mairie<\/li>\n<li>L&rsquo;ancien presbyt\u00e8re<\/li>\n<li>La fontaine du Mas<\/li>\n<li>La fontaine &#8230;<\/li>\n<li>La mare de Mirande<\/li>\n<li>Le calvaire des Sudras<\/li>\n<li>Le monument du 8 mai 1945<\/li>\n<\/ul>\n<div id='gallery-1' class='gallery galleryid-248 gallery-columns-3 gallery-size-thumbnail'><figure class='gallery-item'>\n\t\t\t<div class='gallery-icon landscape'>\n\t\t\t\t<a href='https:\/\/vouzan.fr\/index.php\/patrimoine\/fontaine_vieux-bourg_1\/'><img loading=\"lazy\" decoding=\"async\" width=\"150\" height=\"150\" src=\"https:\/\/vouzan.fr\/wp-content\/uploads\/2023\/06\/Fontaine_Vieux-bourg_1-150x150.jpg\" class=\"attachment-thumbnail size-thumbnail aligncenter\" alt=\"\" aria-describedby=\"gallery-1-4471\" srcset=\"https:\/\/vouzan.fr\/wp-content\/uploads\/2023\/06\/Fontaine_Vieux-bourg_1-150x150.jpg 150w, https:\/\/vouzan.fr\/wp-content\/uploads\/2023\/06\/Fontaine_Vieux-bourg_1-200x200.jpg 200w, https:\/\/vouzan.fr\/wp-content\/uploads\/2023\/06\/Fontaine_Vieux-bourg_1-320x320.jpg 320w\" sizes=\"auto, (max-width: 150px) 100vw, 150px\" \/><\/a>\n\t\t\t<\/div>\n\t\t\t\t<figcaption class='wp-caption-text gallery-caption' id='gallery-1-4471'>\n\t\t\t\tFontaine du vieux bourg\n\t\t\t\t<\/figcaption><\/figure><figure class='gallery-item'>\n\t\t\t<div class='gallery-icon landscape'>\n\t\t\t\t<a href='https:\/\/vouzan.fr\/index.php\/patrimoine\/img_20170605_162052_1\/'><img loading=\"lazy\" decoding=\"async\" width=\"150\" height=\"150\" src=\"https:\/\/vouzan.fr\/wp-content\/uploads\/2023\/06\/IMG_20170605_162052_1-150x150.jpg\" class=\"attachment-thumbnail size-thumbnail aligncenter\" alt=\"\" aria-describedby=\"gallery-1-4472\" srcset=\"https:\/\/vouzan.fr\/wp-content\/uploads\/2023\/06\/IMG_20170605_162052_1-150x150.jpg 150w, https:\/\/vouzan.fr\/wp-content\/uploads\/2023\/06\/IMG_20170605_162052_1-200x200.jpg 200w, https:\/\/vouzan.fr\/wp-content\/uploads\/2023\/06\/IMG_20170605_162052_1-320x320.jpg 320w\" sizes=\"auto, (max-width: 150px) 100vw, 150px\" \/><\/a>\n\t\t\t<\/div>\n\t\t\t\t<figcaption class='wp-caption-text gallery-caption' id='gallery-1-4472'>\n\t\t\t\tEglise\n\t\t\t\t<\/figcaption><\/figure><figure class='gallery-item'>\n\t\t\t<div class='gallery-icon landscape'>\n\t\t\t\t<a href='https:\/\/vouzan.fr\/index.php\/patrimoine\/img_20170605_162134\/'><img loading=\"lazy\" decoding=\"async\" width=\"150\" height=\"150\" src=\"https:\/\/vouzan.fr\/wp-content\/uploads\/2023\/06\/IMG_20170605_162134-150x150.jpg\" class=\"attachment-thumbnail size-thumbnail aligncenter\" alt=\"\" aria-describedby=\"gallery-1-4473\" srcset=\"https:\/\/vouzan.fr\/wp-content\/uploads\/2023\/06\/IMG_20170605_162134-150x150.jpg 150w, https:\/\/vouzan.fr\/wp-content\/uploads\/2023\/06\/IMG_20170605_162134-200x200.jpg 200w, https:\/\/vouzan.fr\/wp-content\/uploads\/2023\/06\/IMG_20170605_162134-320x320.jpg 320w\" sizes=\"auto, (max-width: 150px) 100vw, 150px\" \/><\/a>\n\t\t\t<\/div>\n\t\t\t\t<figcaption class='wp-caption-text gallery-caption' id='gallery-1-4473'>\n\t\t\t\tFontaine du bourg\n\t\t\t\t<\/figcaption><\/figure><figure class='gallery-item'>\n\t\t\t<div class='gallery-icon landscape'>\n\t\t\t\t<a href='https:\/\/vouzan.fr\/index.php\/patrimoine\/k7_p5840\/'><img loading=\"lazy\" decoding=\"async\" width=\"150\" height=\"150\" src=\"https:\/\/vouzan.fr\/wp-content\/uploads\/2023\/06\/K7_P5840-150x150.jpg\" class=\"attachment-thumbnail size-thumbnail aligncenter\" alt=\"\" aria-describedby=\"gallery-1-4474\" srcset=\"https:\/\/vouzan.fr\/wp-content\/uploads\/2023\/06\/K7_P5840-150x150.jpg 150w, https:\/\/vouzan.fr\/wp-content\/uploads\/2023\/06\/K7_P5840-200x200.jpg 200w, https:\/\/vouzan.fr\/wp-content\/uploads\/2023\/06\/K7_P5840-320x320.jpg 320w\" sizes=\"auto, (max-width: 150px) 100vw, 150px\" \/><\/a>\n\t\t\t<\/div>\n\t\t\t\t<figcaption class='wp-caption-text gallery-caption' id='gallery-1-4474'>\n\t\t\t\tCh\u00e2teau\n\t\t\t\t<\/figcaption><\/figure><figure class='gallery-item'>\n\t\t\t<div class='gallery-icon portrait'>\n\t\t\t\t<a href='https:\/\/vouzan.fr\/index.php\/patrimoine\/k7_p5868\/'><img loading=\"lazy\" decoding=\"async\" width=\"150\" height=\"150\" src=\"https:\/\/vouzan.fr\/wp-content\/uploads\/2023\/06\/K7_P5868-150x150.jpg\" class=\"attachment-thumbnail size-thumbnail aligncenter\" alt=\"\" aria-describedby=\"gallery-1-4475\" srcset=\"https:\/\/vouzan.fr\/wp-content\/uploads\/2023\/06\/K7_P5868-150x150.jpg 150w, https:\/\/vouzan.fr\/wp-content\/uploads\/2023\/06\/K7_P5868-200x200.jpg 200w, https:\/\/vouzan.fr\/wp-content\/uploads\/2023\/06\/K7_P5868-320x320.jpg 320w\" sizes=\"auto, (max-width: 150px) 100vw, 150px\" \/><\/a>\n\t\t\t<\/div>\n\t\t\t\t<figcaption class='wp-caption-text gallery-caption' id='gallery-1-4475'>\n\t\t\t\tMonument aux morts du Ch\u00e8ne vert\n\t\t\t\t<\/figcaption><\/figure><figure class='gallery-item'>\n\t\t\t<div class='gallery-icon portrait'>\n\t\t\t\t<a href='https:\/\/vouzan.fr\/index.php\/patrimoine\/k7_p5880\/'><img loading=\"lazy\" decoding=\"async\" width=\"150\" height=\"150\" src=\"https:\/\/vouzan.fr\/wp-content\/uploads\/2023\/06\/K7_P5880-150x150.jpg\" class=\"attachment-thumbnail size-thumbnail aligncenter\" alt=\"\" aria-describedby=\"gallery-1-4476\" srcset=\"https:\/\/vouzan.fr\/wp-content\/uploads\/2023\/06\/K7_P5880-150x150.jpg 150w, https:\/\/vouzan.fr\/wp-content\/uploads\/2023\/06\/K7_P5880-200x200.jpg 200w, https:\/\/vouzan.fr\/wp-content\/uploads\/2023\/06\/K7_P5880-320x320.jpg 320w\" sizes=\"auto, (max-width: 150px) 100vw, 150px\" \/><\/a>\n\t\t\t<\/div>\n\t\t\t\t<figcaption class='wp-caption-text gallery-caption' id='gallery-1-4476'>\n\t\t\t\tFontaine Fayan\n\t\t\t\t<\/figcaption><\/figure>\n\t\t<\/div>\n\n<div>Le patrimoine est une richesse culturelle fragile et non renouvelable. Il appara\u00eet comme l\u2019incarnation visible de la m\u00e9moire du territoire, et par l\u00e0 m\u00eame de son identit\u00e9.<\/div>\n<div>La connaissance de nos origines est primordiale. Sans pass\u00e9 pas de pr\u00e9sent et sans pr\u00e9sent pas de lendemain.<\/div>\n<div>La conservation et la mise en valeur du patrimoine communal m\u00e9rite qu&rsquo;on lui\u00a0 porte une attention toute particuli\u00e8re en impulsant une dynamique locale. L&rsquo;entretien et la r\u00e9alisation de quelques am\u00e9nagements de sites pourraient ainsi \u00eatre le fait d&rsquo;un \u00e9lan citoyen.<\/div>\n<div><\/div>\n<div>2018 devrait voir la mise en place d&rsquo;actions sp\u00e9cifiques et la r\u00e9alisation d&rsquo;un chantier de jeunes b\u00e9n\u00e9voles dans le cadre du centre de loisirs de Dirac.<\/div>\n<div class=\"align-justify\">\n<p>Soucieux de pr\u00e9server et de transmettre cet h\u00e9ritage, le D\u00e9partement soutient les propri\u00e9taires publics et priv\u00e9s de monuments et d\u2019objets prot\u00e9g\u00e9s au titre des <a href=\"http:\/\/www.culturecommunication.gouv.fr\/Regions\/Drac-Nouvelle-Aquitaine\" target=\"_blank\" rel=\"noopener\">Monuments Historiques<\/a>. Cette protection vise \u00e0 identifier les \u00e9difices ou objets ayant un int\u00e9r\u00eat pour l\u2019ensemble de la collectivit\u00e9 et donne les moyens de les transmettre aux g\u00e9n\u00e9rations futures.<\/p>\n<div class=\"align-justify\">\n<p>Pour les propri\u00e9taires publics et priv\u00e9s, d&rsquo;un bien immobilier pr\u00e9sentant un int\u00e9r\u00eat patrimonial, mais non prot\u00e9g\u00e9 au titre des Monuments Historiques, il existe diff\u00e9rents dispositifs dont la\u00a0 <a href=\"https:\/\/www.fondation-patrimoine.org\/\" target=\"_blank\" rel=\"noopener\">Fondation du Patrimoine<\/a><\/p>\n<\/div>\n<\/div>\n<p>Pour toute personne int\u00e9ress\u00e9e par la valorisation du patrimoine communal, prendre contact avec la <a href=\"http:\/\/vouzan.fr\/index.php\/la-mairie\/\">Mairie<\/a><\/p>\n<span>","protected":false},"excerpt":{"rendered":"<p class=\"excerpt\"><span itemprop=\"description\">Les \u00e9l\u00e9ments principaux du patrimoine de la commune sont : Le ch\u00e2teau La fontaine du Vieux-Bourg et son lavoir Le lavoir du Centre-bourg Le monument aux morts La fontaine L&rsquo;\u00e9glise La mairie L&rsquo;ancien presbyt\u00e8re La fontaine du Mas La fontaine &#8230; La mare de Mirande&hellip;<\/span><\/p>\n<p class=\"more-link-p btn-align-center\"><a class=\"turq zoom-btn\" href=\"https:\/\/vouzan.fr\/index.php\/patrimoine\/\">Lire la suite&#8230;<\/a><\/p>\n","protected":false},"author":1,"featured_media":0,"parent":0,"menu_order":0,"comment_status":"closed","ping_status":"closed","template":"","meta":{"_crdt_document":"","footnotes":""},"class_list":["post-248","page","type-page","status-publish","hentry","zoom-theme-has-thumb"],"_links":{"self":[{"href":"https:\/\/vouzan.fr\/index.php\/wp-json\/wp\/v2\/pages\/248","targetHints":{"allow":["GET"]}}],"collection":[{"href":"https:\/\/vouzan.fr\/index.php\/wp-json\/wp\/v2\/pages"}],"about":[{"href":"https:\/\/vouzan.fr\/index.php\/wp-json\/wp\/v2\/types\/page"}],"author":[{"embeddable":true,"href":"https:\/\/vouzan.fr\/index.php\/wp-json\/wp\/v2\/users\/1"}],"replies":[{"embeddable":true,"href":"https:\/\/vouzan.fr\/index.php\/wp-json\/wp\/v2\/comments?post=248"}],"version-history":[{"count":21,"href":"https:\/\/vouzan.fr\/index.php\/wp-json\/wp\/v2\/pages\/248\/revisions"}],"predecessor-version":[{"id":4477,"href":"https:\/\/vouzan.fr\/index.php\/wp-json\/wp\/v2\/pages\/248\/revisions\/4477"}],"wp:attachment":[{"href":"https:\/\/vouzan.fr\/index.php\/wp-json\/wp\/v2\/media?parent=248"}],"curies":[{"name":"wp","href":"https:\/\/api.w.org\/{rel}","templated":true}]}}