{"id":3167,"date":"2019-10-20T12:12:59","date_gmt":"2019-10-20T10:12:59","guid":{"rendered":"http:\/\/vouzan.fr\/?page_id=3167"},"modified":"2019-10-20T12:12:59","modified_gmt":"2019-10-20T10:12:59","slug":"transport-a-la-demande","status":"publish","type":"page","link":"https:\/\/vouzan.fr\/index.php\/transport-a-la-demande\/","title":{"rendered":"Transport \u00e0 la demande"},"content":{"rendered":"<span itemprop=\"description\"><h1 class=\"western\">Transport \u00e0 la demande<\/h1>\n<p><span style=\"color: #2a6099;\"><img loading=\"lazy\" decoding=\"async\" class=\"wp-image-3168 size-medium alignleft\" src=\"http:\/\/vouzan.fr\/wp-content\/uploads\/2019\/10\/TAD1-300x109.png\" alt=\"\" width=\"300\" height=\"109\" srcset=\"https:\/\/vouzan.fr\/wp-content\/uploads\/2019\/10\/TAD1-300x109.png 300w, https:\/\/vouzan.fr\/wp-content\/uploads\/2019\/10\/TAD1-768x280.png 768w, https:\/\/vouzan.fr\/wp-content\/uploads\/2019\/10\/TAD1-1024x373.png 1024w, https:\/\/vouzan.fr\/wp-content\/uploads\/2019\/10\/TAD1.png 1029w\" sizes=\"auto, (max-width: 300px) 100vw, 300px\" \/><\/span><span style=\"font-size: 12pt;\">Depuis le 1er septembre 2019, GrandAngoul\u00eame met \u00e0 la disposition de tous un service de transport \u00e0 la demande qui dessert trois arr\u00eats sur la commune : Devant l\u2019\u00e9cole, \u00e0 Mirande et \u00e0 Maison Neuve au niveau de l\u2019abri de bus. Vous serez alors conduits jusqu\u2019\u00e0 l\u2019arr\u00eat de La <span style=\"font-family: Liberation Sans, sans-serif;\">M<\/span><span style=\"font-family: Liberation Sans, sans-serif;\">othe<\/span> \u00e0 Soyaux o\u00f9 vous pourrez prendre un bus STGA vers le centre ville. Les billets sont les m\u00eames et la correspondance n\u2019entra\u00eene pas de suppl\u00e9ment. Vos billets peuvent \u00eatre achet\u00e9s \u00e0 l\u2019unit\u00e9 ou par carnet aupr\u00e8s des points de vente STGA (liste sur www.stga.fr). Des formules d\u2019abonnements sont \u00e9galement disponibles. En d\u00e9pannage, vous pouvez vous procurer un billet \u00e0 bord avec un suppl\u00e9ment.<\/span><\/p>\n<p class=\"western\"><span style=\"font-size: 12pt;\">Pour pouvoir utiliser ce service, vous devez au pr\u00e9alable vous inscrire et obtenir vos identifiants aupr\u00e8s des service de la STGA par t\u00e9l\u00e9phone au 05\u00a045\u00a065\u00a025\u00a035.<\/span><\/p>\n<p class=\"western\"><span style=\"font-size: 12pt;\">Les r\u00e9servations se font ensuite par t\u00e9l\u00e9phone au m\u00eame num\u00e9ro, du lundi au vendredi de 9h \u00e0 12h30 et de 14h \u00e0 17h ou sur le site www.stga.fr<\/span><\/p>\n<p class=\"western\"><span style=\"font-size: 12pt;\">Les horaires sont affich\u00e9s aux arr\u00eats sur la commune. Ils correspondent \u00e0 l\u2019heure d\u2019arriv\u00e9e ou de d\u00e9part depuis le point de correspondance (La <span style=\"font-family: Liberation Sans, sans-serif;\">M<\/span><span style=\"font-family: Liberation Sans, sans-serif;\">othe \u00e0<\/span> Soyaux). Les r\u00e9servations doivent se faire au plus tard \u00e0 17h la veille.<\/span><\/p>\n<p class=\"western\"><span style=\"font-size: 12pt;\">Adresse pour les r\u00e9servations par internet : <\/span><br \/>\n<span style=\"font-size: 12pt;\"><a href=\"https:\/\/xefront.simpliciti.fr\/ANGOULEME\/Default.aspx\">https:\/\/xefront.simpliciti.fr\/ANGOULEME\/Default.aspx<\/a><\/span><\/p>\n<p class=\"western\"><span style=\"font-size: 12pt;\">Sur la page d\u2019accueil, entrez les identifiants qui vous ont \u00e9t\u00e9 communiqu\u00e9s (ils sont diff\u00e9rents de ceux du site STGA).<\/span><\/p>\n<p class=\"western\"><span style=\"font-size: 12pt;\"><span style=\"color: #2a6099;\"><img loading=\"lazy\" decoding=\"async\" class=\"alignnone wp-image-3169 size-medium\" src=\"http:\/\/vouzan.fr\/wp-content\/uploads\/2019\/10\/TAD2-300x209.png\" alt=\"\" width=\"300\" height=\"209\" srcset=\"https:\/\/vouzan.fr\/wp-content\/uploads\/2019\/10\/TAD2-300x209.png 300w, https:\/\/vouzan.fr\/wp-content\/uploads\/2019\/10\/TAD2-768x536.png 768w, https:\/\/vouzan.fr\/wp-content\/uploads\/2019\/10\/TAD2-1024x714.png 1024w, https:\/\/vouzan.fr\/wp-content\/uploads\/2019\/10\/TAD2-1200x837.png 1200w, https:\/\/vouzan.fr\/wp-content\/uploads\/2019\/10\/TAD2.png 1272w\" sizes=\"auto, (max-width: 300px) 100vw, 300px\" \/><\/span><\/span><\/p>\n<p class=\"western\"><span style=\"font-size: 12pt;\"><span style=\"color: #2a6099;\">C<\/span>liquez ensuite sur \u00ab\u00a0nouvelle r\u00e9servation\u00a0\u00bb<\/span><\/p>\n<p class=\"western\"><img loading=\"lazy\" decoding=\"async\" class=\"alignnone wp-image-3170 size-medium\" src=\"http:\/\/vouzan.fr\/wp-content\/uploads\/2019\/10\/TAD3-300x209.png\" alt=\"\" width=\"300\" height=\"209\" srcset=\"https:\/\/vouzan.fr\/wp-content\/uploads\/2019\/10\/TAD3-300x209.png 300w, https:\/\/vouzan.fr\/wp-content\/uploads\/2019\/10\/TAD3-768x535.png 768w, https:\/\/vouzan.fr\/wp-content\/uploads\/2019\/10\/TAD3.png 872w\" sizes=\"auto, (max-width: 300px) 100vw, 300px\" \/><br \/>\n<span style=\"font-size: 12pt;\">Choisissez la date du d\u00e9part<\/span><\/p>\n<p><img loading=\"lazy\" decoding=\"async\" class=\"alignnone wp-image-3171 size-medium\" src=\"http:\/\/vouzan.fr\/wp-content\/uploads\/2019\/10\/TAD4-300x209.png\" alt=\"\" width=\"300\" height=\"209\" srcset=\"https:\/\/vouzan.fr\/wp-content\/uploads\/2019\/10\/TAD4-300x209.png 300w, https:\/\/vouzan.fr\/wp-content\/uploads\/2019\/10\/TAD4-768x535.png 768w, https:\/\/vouzan.fr\/wp-content\/uploads\/2019\/10\/TAD4.png 872w\" sizes=\"auto, (max-width: 300px) 100vw, 300px\" \/><\/p>\n<p class=\"western\"><span style=\"font-size: 12pt;\"><span style=\"font-family: Liberation Sans, sans-serif;\">C<\/span>ompl\u00e9tez en choisissant la ligne \u00ab\u00a0<span style=\"font-family: Liberation Sans, sans-serif;\">Z<\/span><span style=\"font-family: Liberation Sans, sans-serif;\">one 07 vers SOYAUX La Mothe<\/span>\u00bb<\/span><\/p>\n<p class=\"western\"><span style=\"color: #2a6099; font-size: 12pt;\"><img loading=\"lazy\" decoding=\"async\" class=\"alignnone wp-image-3172 size-medium\" src=\"http:\/\/vouzan.fr\/wp-content\/uploads\/2019\/10\/TAD5-300x209.png\" alt=\"\" width=\"300\" height=\"209\" srcset=\"https:\/\/vouzan.fr\/wp-content\/uploads\/2019\/10\/TAD5-300x209.png 300w, https:\/\/vouzan.fr\/wp-content\/uploads\/2019\/10\/TAD5.png 622w\" sizes=\"auto, (max-width: 300px) 100vw, 300px\" \/><\/span><\/p>\n<p class=\"western\"><span style=\"font-size: 12pt;\">Vous pouvez maintenant choisir l\u2019horaire <span style=\"font-family: Liberation Sans, sans-serif;\">s<\/span><span style=\"font-family: Liberation Sans, sans-serif;\">ouhait\u00e9 et le nombre de personnes<\/span><span style=\"font-family: Liberation Sans, sans-serif;\">. <\/span><span style=\"font-family: Liberation Sans, sans-serif;\">Un r\u00e9capitulatif de la r\u00e9servation appara\u00eet. Vous pouvez alors valider.<\/span><\/span><\/p>\n<p class=\"western\"><span style=\"font-size: 12pt;\">Une fois la r\u00e9servation valid\u00e9e, elle doit appara\u00eetre sur la page d\u2019accueil.<\/span><\/p>\n<p class=\"western\"><span style=\"font-size: 12pt;\"><em><span style=\"color: #c9211e;\">Im<\/span><\/em><\/span><span style=\"font-size: 12pt;\"><em><span style=\"color: #c9211e;\">portant :\u00a0<\/span><\/em> <span style=\"color: #c9211e;\"><span style=\"font-family: Liberation Sans, sans-serif;\"><i>Pensez \u00e0 r<\/i><\/span><\/span><span style=\"color: #c9211e;\"><span style=\"font-family: Liberation Sans, sans-serif;\"><i>\u00e9server<\/i><\/span><\/span><span style=\"color: #c9211e;\"><span style=\"font-family: Liberation Sans, sans-serif;\"><i> v<\/i><\/span><\/span><span style=\"color: #c9211e;\"><span style=\"font-family: Liberation Sans, sans-serif;\"><i>otre<\/i><\/span><\/span><i> <\/i><span style=\"color: #c9211e;\"><span style=\"font-family: Liberation Sans, sans-serif;\"><i>trajet de <\/i><\/span><\/span><span style=\"color: #c9211e;\"><span style=\"font-family: Liberation Sans, sans-serif;\"><i>retour\u00a0!<\/i><\/span><\/span><i> <\/i><\/span><\/p>\n<p class=\"western\"><span style=\"font-size: 12pt;\"><span style=\"font-family: Liberation Sans, sans-serif;\">A <\/span><span style=\"font-family: Liberation Sans, sans-serif;\">l\u2019horaire convenu<\/span> vous devrez vous pr\u00e9senter \u00e0 l\u2019arr\u00eat de d\u00e9part choisi. Un v\u00e9hicule de taille adapt\u00e9e au nombre de r\u00e9servations vous prendra en charge et vous d\u00e9posera \u00e0 l\u2019arr\u00eat <span style=\"font-family: Liberation Sans, sans-serif;\">S<\/span><span style=\"font-family: Liberation Sans, sans-serif;\">oyaux La Mothe<\/span>.<\/span><\/p>\n<p class=\"western\"><span style=\"font-size: 12pt;\">Pour tous renseignements sur ce service\u00a0: <a href=\"http:\/\/www.stga.fr\/\">www.stga.fr<\/a> ou 05 45 65 25 35.<\/span><\/p>\n<span>","protected":false},"excerpt":{"rendered":"<p class=\"excerpt\"><span itemprop=\"description\">Transport \u00e0 la demande Depuis le 1er septembre 2019, GrandAngoul\u00eame met \u00e0 la disposition de tous un service de transport \u00e0 la demande qui dessert trois arr\u00eats sur la commune : Devant l\u2019\u00e9cole, \u00e0 Mirande et \u00e0 Maison Neuve au niveau de l\u2019abri de bus.&hellip;<\/span><\/p>\n<p class=\"more-link-p btn-align-center\"><a class=\"turq zoom-btn\" href=\"https:\/\/vouzan.fr\/index.php\/transport-a-la-demande\/\">Lire la suite&#8230;<\/a><\/p>\n","protected":false},"author":3,"featured_media":0,"parent":0,"menu_order":0,"comment_status":"closed","ping_status":"closed","template":"","meta":{"_crdt_document":"","footnotes":""},"class_list":["post-3167","page","type-page","status-publish","hentry","zoom-theme-has-thumb"],"_links":{"self":[{"href":"https:\/\/vouzan.fr\/index.php\/wp-json\/wp\/v2\/pages\/3167","targetHints":{"allow":["GET"]}}],"collection":[{"href":"https:\/\/vouzan.fr\/index.php\/wp-json\/wp\/v2\/pages"}],"about":[{"href":"https:\/\/vouzan.fr\/index.php\/wp-json\/wp\/v2\/types\/page"}],"author":[{"embeddable":true,"href":"https:\/\/vouzan.fr\/index.php\/wp-json\/wp\/v2\/users\/3"}],"replies":[{"embeddable":true,"href":"https:\/\/vouzan.fr\/index.php\/wp-json\/wp\/v2\/comments?post=3167"}],"version-history":[{"count":1,"href":"https:\/\/vouzan.fr\/index.php\/wp-json\/wp\/v2\/pages\/3167\/revisions"}],"predecessor-version":[{"id":3173,"href":"https:\/\/vouzan.fr\/index.php\/wp-json\/wp\/v2\/pages\/3167\/revisions\/3173"}],"wp:attachment":[{"href":"https:\/\/vouzan.fr\/index.php\/wp-json\/wp\/v2\/media?parent=3167"}],"curies":[{"name":"wp","href":"https:\/\/api.w.org\/{rel}","templated":true}]}}