{"id":538,"date":"2017-07-24T14:19:35","date_gmt":"2017-07-24T12:19:35","guid":{"rendered":"http:\/\/vouzan.fr\/?page_id=538"},"modified":"2017-07-24T14:19:35","modified_gmt":"2017-07-24T12:19:35","slug":"plan-du-site","status":"publish","type":"page","link":"https:\/\/vouzan.fr\/index.php\/plan-du-site\/","title":{"rendered":"Plan du site"},"content":{"rendered":"<span itemprop=\"description\"><div class=\"wsp-container\"><h2 class=\"wsp-pages-title\">Pages<\/h2>\n<ul class=\"wsp-pages-list\">\n<li class=\"page_item page-item-4707\"><a href=\"https:\/\/vouzan.fr\/index.php\/acteurs-economiques\/\">Acteurs \u00e9conomiques<\/a><\/li>\n<li class=\"page_item page-item-4404\"><a href=\"https:\/\/vouzan.fr\/index.php\/association-les-potages\/\">Association \u00ab\u00a0Les Pot&rsquo;\u00e2g\u00e9s\u00a0\u00bb<\/a><\/li>\n<li class=\"page_item page-item-1023\"><a href=\"https:\/\/vouzan.fr\/index.php\/ballades-a-vouzan\/\">Ballades \u00e0 Vouzan<\/a><\/li>\n<li class=\"page_item page-item-4248\"><a href=\"https:\/\/vouzan.fr\/index.php\/booking-account\/\">Booking Account<\/a><\/li>\n<li class=\"page_item page-item-4518\"><a href=\"https:\/\/vouzan.fr\/index.php\/wpbc-booking-received\/\">Booking Received<\/a><\/li>\n<li class=\"page_item page-item-2514\"><a href=\"https:\/\/vouzan.fr\/index.php\/calendar\/\">Calendrier<\/a><\/li>\n<li class=\"page_item page-item-4390\"><a href=\"https:\/\/vouzan.fr\/index.php\/comptes-rendus\/\">Comptes-rendus<\/a><\/li>\n<li class=\"page_item page-item-5068\"><a href=\"https:\/\/vouzan.fr\/index.php\/wp-booking-calendar-contact\/\">Contact Form<\/a><\/li>\n<li class=\"page_item page-item-4292\"><a href=\"https:\/\/vouzan.fr\/index.php\/deliberations\/\">D\u00e9lib\u00e9rations<\/a><\/li>\n<li class=\"page_item page-item-4527\"><a href=\"https:\/\/vouzan.fr\/index.php\/wpbc-booking\/\">Formulaire de r\u00e9servation<\/a><\/li>\n<li class=\"page_item page-item-5065\"><a href=\"https:\/\/vouzan.fr\/index.php\/wp-booking-calendar-full-day\/\">Full Day Booking<\/a><\/li>\n<li class=\"page_item page-item-246\"><a href=\"https:\/\/vouzan.fr\/index.php\/geographie\/\">G\u00e9ographie<\/a><\/li>\n<li class=\"page_item page-item-124\"><a href=\"https:\/\/vouzan.fr\/index.php\/ordures-menageres\/\">Gestion des d\u00e9chets<\/a><\/li>\n<li class=\"page_item page-item-244\"><a href=\"https:\/\/vouzan.fr\/index.php\/histoire\/\">Histoire<\/a><\/li>\n<li class=\"page_item page-item-104\"><a href=\"https:\/\/vouzan.fr\/index.php\/lecole\/\">L&rsquo;\u00e9cole<\/a><\/li>\n<li class=\"page_item page-item-55\"><a href=\"https:\/\/vouzan.fr\/index.php\/la-mairie\/\">La mairie<\/a><\/li>\n<li class=\"page_item page-item-84\"><a href=\"https:\/\/vouzan.fr\/index.php\/le-conseil-municipal\/\">Le conseil municipal<\/a><\/li>\n<li class=\"page_item page-item-108\"><a href=\"https:\/\/vouzan.fr\/index.php\/le-sivos\/\">Le SIVOS<\/a><\/li>\n<li class=\"page_item page-item-92\"><a href=\"https:\/\/vouzan.fr\/index.php\/les-anciens-maires-de-1793-a-nos-jours\/\">Les anciens maires de 1793 \u00e0 nos jours<\/a><\/li>\n<li class=\"page_item page-item-91\"><a href=\"https:\/\/vouzan.fr\/index.php\/les-commissions\/\">Les commissions<\/a><\/li>\n<li class=\"page_item page-item-171\"><a href=\"https:\/\/vouzan.fr\/index.php\/les-elus\/\">Les \u00e9lus<\/a><\/li>\n<li class=\"page_item page-item-65\"><a href=\"https:\/\/vouzan.fr\/index.php\/les-elus-vous-informent\/\">Les \u00e9lus vous informent&#8230;<\/a><\/li>\n<li class=\"page_item page-item-1328\"><a href=\"https:\/\/vouzan.fr\/index.php\/aaaa\/\">Location de salle<\/a><\/li>\n<li class=\"page_item page-item-3754\"><a href=\"https:\/\/vouzan.fr\/index.php\/marche-de-producteurs\/\">March\u00e9 de producteurs<\/a><\/li>\n<li class=\"page_item page-item-544\"><a href=\"https:\/\/vouzan.fr\/index.php\/mentions-legales\/\">Mentions l\u00e9gales<\/a><\/li>\n<li class=\"page_item page-item-248\"><a href=\"https:\/\/vouzan.fr\/index.php\/patrimoine\/\">Patrimoine communal<\/a><\/li>\n<li class=\"page_item page-item-538\"><a href=\"https:\/\/vouzan.fr\/index.php\/plan-du-site\/\">Plan du site<\/a><\/li>\n<li class=\"page_item page-item-1873\"><a href=\"https:\/\/vouzan.fr\/index.php\/plan-local-durbanisme-plu\/\">Plan Local d&rsquo;Urbanisme (PLU)<\/a><\/li>\n<li class=\"page_item page-item-2933\"><a href=\"https:\/\/vouzan.fr\/index.php\/politique-de-confidentialite\/\">Politique de confidentialit\u00e9<\/a><\/li>\n<li class=\"page_item page-item-4092\"><a href=\"https:\/\/vouzan.fr\/index.php\/politique-de-cookies-ue\/\">Politique de cookies (UE)<\/a><\/li>\n<li class=\"page_item page-item-4309\"><a href=\"https:\/\/vouzan.fr\/index.php\/reglement-interieur-de-la-salle-des-fetes\/\">R\u00e8glement int\u00e9rieur de la salle des f\u00eates<\/a><\/li>\n<li class=\"page_item page-item-4223\"><a href=\"https:\/\/vouzan.fr\/index.php\/0-test-reservation\/\">R\u00e9servation de la salle des f\u00eates<\/a><\/li>\n<li class=\"page_item page-item-2225\"><a href=\"https:\/\/vouzan.fr\/index.php\/le-restaurant-scolaire-2\/\">Restaurant scolaire<\/a><\/li>\n<li class=\"page_item page-item-4029\"><a href=\"https:\/\/vouzan.fr\/index.php\/4029-2\/\">Sondage<\/a><\/li>\n<li class=\"page_item page-item-4363\"><a href=\"https:\/\/vouzan.fr\/index.php\/sondage-assistance-administrative\/\">Sondage Assistance Administrative<\/a><\/li>\n<li class=\"page_item page-item-4247\"><a href=\"https:\/\/vouzan.fr\/index.php\/thank-you\/\">Thank You<\/a><\/li>\n<li class=\"page_item page-item-5067\"><a href=\"https:\/\/vouzan.fr\/index.php\/wp-booking-calendar-time-appointments\/\">Time Appointments Booking<\/a><\/li>\n<li class=\"page_item page-item-5066\"><a href=\"https:\/\/vouzan.fr\/index.php\/wp-booking-calendar-time-slots\/\">Time Slots Booking<\/a><\/li>\n<li class=\"page_item page-item-3167\"><a href=\"https:\/\/vouzan.fr\/index.php\/transport-a-la-demande\/\">Transport \u00e0 la demande<\/a><\/li>\n<li class=\"page_item page-item-3738\"><a href=\"https:\/\/vouzan.fr\/index.php\/transport-scolaire\/\">Transport Scolaire<\/a><\/li>\n<li class=\"page_item page-item-3023\"><a href=\"https:\/\/vouzan.fr\/index.php\/urbanisme\/\">Urbanisme<\/a><\/li>\n<li class=\"page_item page-item-452\"><a href=\"https:\/\/vouzan.fr\/index.php\/la-vie-associative\/\">Vie associative<\/a><\/li>\n<li class=\"page_item page-item-1230\"><a href=\"https:\/\/vouzan.fr\/index.php\/vie-locale\/\">Vie locale<\/a><\/li>\n<li class=\"page_item page-item-4622\"><a href=\"https:\/\/vouzan.fr\/index.php\/vie-locale-2\/\">Vie locale<\/a><\/li>\n<\/ul>\n<\/div>\n<span>","protected":false},"excerpt":{"rendered":"<p class=\"excerpt\"><span itemprop=\"description\"><\/span><\/p>\n<p class=\"more-link-p btn-align-center\"><a class=\"turq zoom-btn\" href=\"https:\/\/vouzan.fr\/index.php\/plan-du-site\/\">Lire la suite&#8230;<\/a><\/p>\n","protected":false},"author":1,"featured_media":0,"parent":0,"menu_order":0,"comment_status":"closed","ping_status":"closed","template":"","meta":{"_crdt_document":"","footnotes":""},"class_list":["post-538","page","type-page","status-publish","hentry","zoom-theme-has-thumb"],"_links":{"self":[{"href":"https:\/\/vouzan.fr\/index.php\/wp-json\/wp\/v2\/pages\/538","targetHints":{"allow":["GET"]}}],"collection":[{"href":"https:\/\/vouzan.fr\/index.php\/wp-json\/wp\/v2\/pages"}],"about":[{"href":"https:\/\/vouzan.fr\/index.php\/wp-json\/wp\/v2\/types\/page"}],"author":[{"embeddable":true,"href":"https:\/\/vouzan.fr\/index.php\/wp-json\/wp\/v2\/users\/1"}],"replies":[{"embeddable":true,"href":"https:\/\/vouzan.fr\/index.php\/wp-json\/wp\/v2\/comments?post=538"}],"version-history":[{"count":1,"href":"https:\/\/vouzan.fr\/index.php\/wp-json\/wp\/v2\/pages\/538\/revisions"}],"predecessor-version":[{"id":539,"href":"https:\/\/vouzan.fr\/index.php\/wp-json\/wp\/v2\/pages\/538\/revisions\/539"}],"wp:attachment":[{"href":"https:\/\/vouzan.fr\/index.php\/wp-json\/wp\/v2\/media?parent=538"}],"curies":[{"name":"wp","href":"https:\/\/api.w.org\/{rel}","templated":true}]}}